divided by c?
23
Suppose -5*v - m = -25, 4*m - 5 = v - 2*v. Suppose 4*x = -y + 20, -4*x - 15 = -4*y - 7*x. Let n = y + v. Calculate the remainder when 16 is divided by n.
1
Suppose -169*y + 180*y = 341. Calculate the remainder when y is divided by 27.
4
Let g = -9 + 71. Suppose 2*t = -3*k + 6*t + g, 3*k + t - 37 = 0. Calculate the remainder when 39 is divided by k.
11
Suppose y = 2*z + 101 - 164, -5*y - 5 = 0. Calculate the remainder when 33 is divided by z.
2
Let i be 6360/56 + 6/14. Let n = -61 + i. What is the remainder when n is divided by 14?
11
Let d(f) = 28*f - 20. Calculate the remainder when d(2) is divided by 13.
10
Calculate the remainder when 33 is divided by (-32)/(-48) + (-34)/(-3).
9
Suppose -2*t + 4*d = 114 - 564, 0 = -2*t + 2*d + 444. Calculate the remainder when t is divided by 22.
21
Let z = 76 - 66. Suppose -z*t = -7*t - 54. Calculate the remainder when t is divided by 4.
2
What is the remainder when 17 is divided by (-6)/(-3) + (-6 - (-42)/7)?
1
Suppose -14*f - 50 = -24*f. What is the remainder when 8 is divided by f?
3
Let t = -20 - -25. Suppose 0 = t*r + 13 + 17. What is the remainder when 24 is divided by ((-14)/r)/(1/3)?
3
Suppose 0 = -4*u + 2*j - 56, -u + 0*j - 3*j = 28. Calculate the remainder when ((u/12)/1)/((-3)/234) is divided by 36.
32
Suppose 0 = -3*m - 3, 4*k - 76 = 4*m - 28. Let d(y) = 5*y**3 - 8*y - 6*y**3 + 0*y + 6 + 8*y**2. Calculate the remainder when d(6) is divided by k.
8
Let j = 54 + -34. Suppose -15*g = -j*g + 190. Suppose 36 = 4*h + 2*v, 0*h - 24 = -2*h + 2*v. What is the remainder when g is divided by h?
8
Let x(c) = -c**3 - 17*c**2 - 20*c - 38. What is the remainder when 123 is divided by x(-16)?
19
Suppose 8 - 12 = 2*d. What is the remainder when 3 is divided by -1*((-92)/28 + d/(-7))?
0
Suppose -3*t + 5 = -199. Calculate the remainder when t is divided by 50.
18
Suppose 0 = -l + 2*h - 6, 2*l - 6*h + 12 = -10*h. What is the remainder when 47 is divided by (-155)/(-9) + l/27?
13
Suppose 4*m = -3*g + 26, -6*m + 54 = 5*g - 10*m. What is the remainder when 177 is divided by g?
7
Suppose 6*j - 3*p = 351, -53 - 241 = -5*j + p. Let s be -6*11*4/(-6). Let l = s + -29. Calculate the remainder when j is divided by l.
14
Suppose 0 = -14*y - y + 675. What is the remainder when y is divided by 19?
7
Suppose 2*v = -2 + 2. Suppose -72 = -4*h - v*h. Calculate the remainder when h is divided by 10.
8
Let k(r) = r**3 - 7*r**2 + 13. Let c be 3/((-15)/(-2)) - 114/(-15). What is the remainder when k(c) is divided by 26?
25
Suppose l = -4*l - 60. Let a(x) = x**3 + 13*x**2 + 11*x. What is the remainder when 23 is divided by a(l)?
11
Let s = 59 + -18. Calculate the remainder when 68 is divided by s.
27
What is the remainder when 8/(-48)*-346*3 is divided by 87?
86
Let f(b) = 3*b**2 - b - 4. Suppose -69 = -o + 2*t, -2*t + 245 = 4*o - 71. Calculate the remainder when o is divided by f(4).
37
Suppose 412 = 4*s + 4*f, -5*f - 103 = -s - 8*f. What is the remainder when s is divided by 27?
22
Let i = -7 + 2. Suppose -4*g + 14 = 2. Let d = g - i. Calculate the remainder when 29 is divided by d.
5
Let n = -114 - -131. Suppose -b + 10 + 1 = g, 0 = -3*g + 6. Calculate the remainder when n is divided by b.
8
What is the remainder when 36 is divided by 16/(-64) - ((-81)/4 - 0)?
16
Suppose 0 = -5*i - r + 216, -i - 2*r + 31 = -5. Calculate the remainder when i is divided by (12 - 0) + 24/8.
14
Suppose 4*l - 4*p - 28 = 0, -9*l + 14 = -7*l - p. Calculate the remainder when 285 is divided by l.
5
Let a = 32 - 26. Let y(x) = -5*x + 2*x**2 - 5*x - a - 4. Calculate the remainder when y(8) is divided by 13.
12
Let m(p) = 7*p + 6. What is the remainder when m(4) is divided by 19?
15
Suppose -3*l + 39 = 15. What is the remainder when 206/l + (-2)/(-8) is divided by 9?
8
Suppose t = -4*v + 73 + 172, 0 = 5*v + 4*t - 320. Calculate the remainder when v is divided by 16.
12
Let q(p) = -2*p + 3. Suppose 5*a + 30 = -5*s + 10, -s = -2*a - 8. Suppose 17*l - 567 = -10*l. What is the remainder when l is divided by q(a)?
10
Suppose -2*q = -226 + 24. Calculate the remainder when q is divided by 0 + (85/3)/(165/198).
33
Let q = 5 - 98. Let w = -50 - q. Calculate the remainder when w is divided by 9.
7
Let a = 52 + -24. Suppose -10 = -5*s, 0*q + q + 4*s - a = 0. What is the remainder when 56 is divided by q?
16
Suppose 4*o - 104 + 8 = 4*r, -o - 4*r + 29 = 0. Calculate the remainder when o is divided by 5/((-20)/12) - -17.
11
Let j be 33/9 + 1/3 - 1. Let k = -1 - 0. What is the remainder when 58 is divided by j/(3*k/(-15))?
13
Let v be (-6)/27 + 34/(-9). Let a = v + 37. Suppose 3*k = 2*k + a. What is the remainder when k is divided by 18?
15
Calculate the remainder when (-5 - (-5776)/28) + 24/(-84) is divided by 101.
100
Suppose -n + 433*z + 70 = 430*z, 4*n - 2*z - 320 = 0. What is the remainder when 137 is divided by n?
55
Suppose -49*l = -322 - 4186. Calculate the remainder when l is divided by 66.
26
Suppose 0 = 4*r - 17 + 9, -2*k + 20 = 3*r. What is the remainder when 297 is divided by k?
3
Let l(n) = n**3 - 5*n**2 + 12*n + 15. Let r(o) = 2*o**3 - 11*o**2 + 23*o + 29. Let g(f) = -5*l(f) + 3*r(f). Calculate the remainder when 47 is divided by g(7).
21
Let i(j) = -2*j + 19. Let z = -53 + 35. What is the remainder when i(z) is divided by 15?
10
Suppose 78 = -5*c + y, -2*c = -3*c + 3*y - 24. Suppose -5*h = 15, -37 = -5*q + 3*h + 97. Let u = q + c. Calculate the remainder when 49 is divided by u.
9
Suppose 267 = -c + 834. What is the remainder when c is divided by 57?
54
Let i be (0/2)/(2/(2 - 0)). Suppose -2*s = 4*n - 94, -3*n = -8*n + 20. Suppose o = -i*o + s. What is the remainder when o is divided by 20?
19
Suppose -4*d + 10 = -m + 53, 2*d = -5*m + 127. What is the remainder when 107 is divided by m?
26
Let s(x) = -3*x**2 + 2*x + 6. Let f(h) = -10*h**2 + 6*h + 19. Let m(n) = 2*f(n) - 7*s(n). Calculate the remainder when m(-4) is divided by 12.
8
Suppose -4 = -g + 3*h, -2*g - 4 = 5*h + 10. Let k = 7 + g. Suppose -k*a + a + 124 = 0. Calculate the remainder when a is divided by 8.
7
Let m = 73 + -32. Let i = -14 - -21. What is the remainder when (-2 + m)*(-10)/(-15) is divided by i?
5
Let c = 1 - 2. Calculate the remainder when 46/(-6)*c*(-4 + 13) is divided by 24.
21
Let o be 4935/28 + (-1)/4. Let f = o + -75. Suppose 3*n - 1 - f = 0. What is the remainder when n is divided by 9?
7
Let k(y) = 3*y**2 + y - 9. Let x(d) = d - 1. Let f(u) = -2*u + 2. Let q(t) = 3*f(t) + 2*x(t). Let w be q(2). Calculate the remainder when k(w) is divided by 13.
9
Suppose 0 = o - 4, 44 = 4*s + 3*o - o. Let f = s + -2. Suppose -2*m + f = 5*j, m - 2 = -j + 9. What is the remainder when 46 is divided by m?
14
Let a(z) = z**3 + 4*z**2 - 2*z - 5. Let f(l) = -28*l + 228. What is the remainder when f(8) is divided by a(-4)?
1
Let g(w) = 6*w. Let x be g(2). Suppose l + 27 = 5*h + 5*l, 4*l = x. What is the remainder when h is divided by ((-3)/(-18))/(5/30)?
0
Let n = -42 - -46. Suppose n*l - 6*l = -10. Suppose 1 = -l*y + 81. Calculate the remainder when 29 is divided by y.
13
Let o(u) = -u**2 - 3*u - 2. Let p be o(-1). Suppose -3*l + p*l + 51 = 0. What is the remainder when 32 is divided by l?
15
Let a(p) = -p**2 - 25*p + 203. What is the remainder when 509 is divided by a(-23)?
11
Suppose 5*d - 2*h = -11, -2*d + 2*h - 11 = -3. What is the remainder when (5 - 5)*d + 74 is divided by 38?
36
Let h(c) = c**3 + 6*c**2 + c - 3. Calculate the remainder when h(-4) is divided by (-14)/35 - ((-3102)/(-30))/(-11).
7
Let s = 14 + 3. What is the remainder when 98 is divided by s?
13
Let u(z) = z - 2. Let h be u(5). Let r = -12 - -26. Calculate the remainder when r is divided by -3 - -11 - (h - 1).
2
Suppose x + 29*x = 570. Calculate the remainder when x is divided by 11.
8
Suppose 2*v - 24 = -0*v. Let g = 16 - 16. Suppose g = -11*u + 6*u + 230. Calculate the remainder when u is divided by v.
10
Suppose 0*k = 5*k + 3760. Let j be k/128 + (-2)/16. What is the remainder when 39 is divided by -6*(50/j)/5?
9
Let t(z) = z**3 + 6*z**2 - 7*z + 15. Let n(d) = 2*d**2 - 4*d - 8. What is the remainder when n(-4) is divided by t(-7)?
10
Let b(c) = -c**2 + 3*c + 6. Let l(n) = n**2 - 3*n - 7. Let y(a) = 4*b(a) + 3*l(a). What is the remainder when (3 - 1)/(6/21) is divided by y(2)?
2
Let a = -631 + 660. Calcula